{"id":14869,"date":"2014-05-20T07:51:11","date_gmt":"2014-05-20T07:51:11","guid":{"rendered":"http:\/\/demo.qodeinteractive.com\/bridge19\/?page_id=14869"},"modified":"2016-11-24T22:12:20","modified_gmt":"2016-11-24T22:12:20","slug":"home","status":"publish","type":"page","link":"https:\/\/www.inteliee.com.mx\/fabricacion_de_cocinas\/ciudad_de_mexico\/","title":{"rendered":"Home"},"content":{"rendered":"<p>[vc_row row_type=\u00bbrow\u00bb use_row_as_full_screen_section=\u00bbno\u00bb type=\u00bbgrid\u00bb angled_section=\u00bbno\u00bb text_align=\u00bbleft\u00bb background_image_as_pattern=\u00bbwithout_pattern\u00bb background_color=\u00bb#ffffff\u00bb padding_top=\u00bb42&#8243; css_animation=\u00bb\u00bb][vc_column][vc_separator type=\u00bbsmall\u00bb position=\u00bbcenter\u00bb up=\u00bb57&#8243; down=\u00bb42&#8243;]<div class=\"custom_font_holder\" style=\"font-family: Lato; font-size: 64px; line-height: 67px; font-style: normal; font-weight: 900; text-decoration: none; text-align: left;\"><span style=\"color: #ff0000;\">Dise\u00f1o<\/span><span style=\"color: #161616;\">\u00a0Vanguardista<br \/>\n<\/span>trabajamos en su espacio\u00a0<span style=\"color: #ff0000;\">con su idea<\/span><\/div>[vc_separator type=\u00bbsmall\u00bb position=\u00bbleft\u00bb up=\u00bb42&#8243; down=\u00bb42&#8243;][vc_column_text]<\/p>\n<h2>Cocinas<\/h2>\n<p>[\/vc_column_text][vc_separator type=\u00bbtransparent\u00bb up=\u00bb19&#8243; down=\u00bb0&#8243;][vc_gallery type=\u00bbimage_grid\u00bb images=\u00bb15812,15811,15810&#8243; img_size=\u00bbfull\u00bb column_number=\u00bb3&#8243; grayscale=\u00bbno\u00bb images_space=\u00bbgallery_without_space\u00bb][vc_separator type=\u00bbsmall\u00bb position=\u00bbleft\u00bb up=\u00bb57&#8243; down=\u00bb42&#8243;][\/vc_column][\/vc_row][vc_row row_type=\u00bbrow\u00bb use_row_as_full_screen_section=\u00bbno\u00bb type=\u00bbgrid\u00bb angled_section=\u00bbno\u00bb text_align=\u00bbleft\u00bb background_image_as_pattern=\u00bbwithout_pattern\u00bb background_color=\u00bb#ffffff\u00bb padding_top=\u00bb0&#8243; css_animation=\u00bb\u00bb][vc_column width=\u00bb1\/2&#8243;][vc_column_text]<\/p>\n<h2>Nuestros Productos<\/h2>\n<p>[\/vc_column_text][vc_separator type=\u00bbtransparent\u00bb up=\u00bb12&#8243; down=\u00bb0&#8243;][vc_column_text]Contamos con alianzas con las mejores marcas para poder llevar a cabo los proyectos mas ambiciosos, garantizamos la satisfacci\u00f3n de cada uno de nuestros clientes.[\/vc_column_text][vc_separator type=\u00bbtransparent\u00bb up=\u00bb51&#8243; down=\u00bb0&#8243;][\/vc_column][vc_column width=\u00bb1\/2&#8243;][vc_column_text]<\/p>\n<h2>Nuestros Servicios<\/h2>\n<p>[\/vc_column_text][vc_separator type=\u00bbtransparent\u00bb up=\u00bb12&#8243; down=\u00bb0&#8243;][vc_column_text]Nos especializamos en dar un servicio integral, iniciando con\u00a0la proyecci\u00f3n de la tarea, hasta el desarrollo del proyecto. Realizamos cualquier remodelaci\u00f3n o adaptaci\u00f3n necesaria, construimos el espacio a la medida y complementamos con las instalaciones necesarias.[\/vc_column_text][vc_separator type=\u00bbtransparent\u00bb up=\u00bb51&#8243; down=\u00bb0&#8243;][\/vc_column][\/vc_row][vc_row row_type=\u00bbrow\u00bb use_row_as_full_screen_section=\u00bbno\u00bb type=\u00bbfull_width\u00bb angled_section=\u00bbno\u00bb text_align=\u00bbleft\u00bb background_image_as_pattern=\u00bbwithout_pattern\u00bb css_animation=\u00bb\u00bb][vc_column width=\u00bb1\/6&#8243;][\/vc_column][vc_column width=\u00bb2\/3&#8243;][vc_column_text]<\/p>\n<h2 style=\"text-align: center;\">\u00bfQue dicen nuestros clientes de nosotros?<\/h2>\n<p>[\/vc_column_text][vc_empty_space]<div class='testimonials_holder clearfix dark'><div class=\"testimonials testimonials_carousel\" data-show-navigation=\"yes\" data-animation-type=\"fade\" data-animation-speed=\"\" data-auto-rotate-slides=\"3\" data-number-per-slide=\"1\"><ul class=\"slides\"><li id=\"testimonials15246\" class=\"testimonial_content\"><div class=\"testimonial_content_inner\"><div class=\"testimonial_text_holder\"><div class=\"testimonial_text_inner\" style=\"\"><p style='font-size:11px;'>Qu\u00e9 les parece mi nueva cocina de @inteliee, habr\u00e1 mucho compartir con ustedes ?? desde este espacio maravilloso! \r\nAgradecido por todo su apoyo y su entrega en brindar la mejor calidad y servicio. \r\nSi desean una hermosa cocina o remodelar la que tienen ya saben d\u00f3nde la encontrar\u00e1n ?www.inteliee.com adem\u00e1s pueden encontrar recetas y consejos de cocina!! Son la onda ?\r\n\r\n\r\nSaludos,<\/p><p class=\"testimonial_author\" style=\"\">Omar Sandoval Garc\u00eda<span class=\"author_company_divider\"> - <\/span><span class=\"author_company\">https:\/\/es-la.facebook.com\/public\/Omar-Sandoval-Garcia<\/span><\/p><\/div><\/div><\/div><\/li><li id=\"testimonials16054\" class=\"testimonial_content\"><div class=\"testimonial_content_inner\"><div class=\"testimonial_text_holder\"><div class=\"testimonial_text_inner\" style=\"\"><p style='font-size:11px;'>Servicio de excelencia, los materiales de primera calidad y siempre formales para la entrega.<\/p><p class=\"testimonial_author\" style=\"\">Angel Flores<\/p><\/div><\/div><\/div><\/li><li id=\"testimonials16053\" class=\"testimonial_content\"><div class=\"testimonial_content_inner\"><div class=\"testimonial_text_holder\"><div class=\"testimonial_text_inner\" style=\"\"><p style='font-size:11px;'>Como un sue\u00f1o hecho realidad, embellecieron mi espacio y lo dejaron listo para cocina de concurso, \u00a1Gracias!<\/p><p class=\"testimonial_author\" style=\"\">Alejandra L\u00f3pez<\/p><\/div><\/div><\/div><\/li><li id=\"testimonials16052\" class=\"testimonial_content\"><div class=\"testimonial_content_inner\"><div class=\"testimonial_text_holder\"><div class=\"testimonial_text_inner\" style=\"\"><p style='font-size:11px;'>La cocina como la recamara es esencial para la armon\u00eda de la casa, gracias por la paciencia, y las ideas que dejaron mis espacios de ensue\u00f1o.<\/p><p class=\"testimonial_author\" style=\"\">Jes\u00fas Guzman<\/p><\/div><\/div><\/div><\/li><\/ul><\/div><\/div>[\/vc_column][vc_column width=\u00bb1\/6&#8243;][\/vc_column][\/vc_row][vc_row row_type=\u00bbrow\u00bb use_row_as_full_screen_section=\u00bbno\u00bb type=\u00bbgrid\u00bb angled_section=\u00bbno\u00bb text_align=\u00bbleft\u00bb background_image_as_pattern=\u00bbwithout_pattern\u00bb background_color=\u00bb#ffffff\u00bb css_animation=\u00bb\u00bb][vc_column][vc_gallery type=\u00bbflexslider_slide\u00bb interval=\u00bb3&#8243; images=\u00bb15784,15785,15783&#8243; img_size=\u00bbfull\u00bb][\/vc_column][\/vc_row][vc_row row_type=\u00bbrow\u00bb use_row_as_full_screen_section=\u00bbno\u00bb type=\u00bbfull_width\u00bb angled_section=\u00bbno\u00bb text_align=\u00bbleft\u00bb background_image_as_pattern=\u00bbwithout_pattern\u00bb css_animation=\u00bb\u00bb][vc_column offset=\u00bbvc_hidden-lg vc_hidden-md\u00bb]<div class=\"call_to_action normal\" style=\"\"><div class=\"container_inner\"><div class=\"two_columns_75_25 clearfix\"><div class=\"text_wrapper column1\"><div class=\"call_to_action_text \" style=\"\">\u00bfRequiere\u00a0atenci\u00f3n inmediata?<\/div><\/div><div class=\"button_wrapper column2\"><a itemprop=\"url\" href=\"javascript: void(0)\" class=\"qbutton white \" target=\"\" style=\"\">\u00a1Llame Ahora!<\/a><\/div><\/div><\/div><\/div>[\/vc_column][\/vc_row]<\/p>\n","protected":false},"excerpt":{"rendered":"<p>[vc_row row_type=\u00bbrow\u00bb use_row_as_full_screen_section=\u00bbno\u00bb type=\u00bbgrid\u00bb angled_section=\u00bbno\u00bb text_align=\u00bbleft\u00bb background_image_as_pattern=\u00bbwithout_pattern\u00bb background_color=\u00bb#ffffff\u00bb padding_top=\u00bb42&#8243; css_animation=\u00bb\u00bb][vc_column][vc_separator type=\u00bbsmall\u00bb position=\u00bbcenter\u00bb up=\u00bb57&#8243; down=\u00bb42&#8243;][vc_separator type=\u00bbsmall\u00bb position=\u00bbleft\u00bb up=\u00bb42&#8243; down=\u00bb42&#8243;][vc_column_text] Cocinas [\/vc_column_text][vc_separator type=\u00bbtransparent\u00bb up=\u00bb19&#8243; down=\u00bb0&#8243;][vc_gallery type=\u00bbimage_grid\u00bb images=\u00bb15812,15811,15810&#8243; img_size=\u00bbfull\u00bb column_number=\u00bb3&#8243; grayscale=\u00bbno\u00bb images_space=\u00bbgallery_without_space\u00bb][vc_separator type=\u00bbsmall\u00bb position=\u00bbleft\u00bb up=\u00bb57&#8243; down=\u00bb42&#8243;][\/vc_column][\/vc_row][vc_row row_type=\u00bbrow\u00bb use_row_as_full_screen_section=\u00bbno\u00bb type=\u00bbgrid\u00bb angled_section=\u00bbno\u00bb text_align=\u00bbleft\u00bb background_image_as_pattern=\u00bbwithout_pattern\u00bb background_color=\u00bb#ffffff\u00bb padding_top=\u00bb0&#8243; css_animation=\u00bb\u00bb][vc_column width=\u00bb1\/2&#8243;][vc_column_text] Nuestros Productos&#8230;<\/p>\n","protected":false},"author":1,"featured_media":0,"parent":0,"menu_order":0,"comment_status":"open","ping_status":"closed","template":"full_width.php","meta":[],"_links":{"self":[{"href":"https:\/\/www.inteliee.com.mx\/fabricacion_de_cocinas\/ciudad_de_mexico\/wp-json\/wp\/v2\/pages\/14869"}],"collection":[{"href":"https:\/\/www.inteliee.com.mx\/fabricacion_de_cocinas\/ciudad_de_mexico\/wp-json\/wp\/v2\/pages"}],"about":[{"href":"https:\/\/www.inteliee.com.mx\/fabricacion_de_cocinas\/ciudad_de_mexico\/wp-json\/wp\/v2\/types\/page"}],"author":[{"embeddable":true,"href":"https:\/\/www.inteliee.com.mx\/fabricacion_de_cocinas\/ciudad_de_mexico\/wp-json\/wp\/v2\/users\/1"}],"replies":[{"embeddable":true,"href":"https:\/\/www.inteliee.com.mx\/fabricacion_de_cocinas\/ciudad_de_mexico\/wp-json\/wp\/v2\/comments?post=14869"}],"version-history":[{"count":12,"href":"https:\/\/www.inteliee.com.mx\/fabricacion_de_cocinas\/ciudad_de_mexico\/wp-json\/wp\/v2\/pages\/14869\/revisions"}],"predecessor-version":[{"id":16500,"href":"https:\/\/www.inteliee.com.mx\/fabricacion_de_cocinas\/ciudad_de_mexico\/wp-json\/wp\/v2\/pages\/14869\/revisions\/16500"}],"wp:attachment":[{"href":"https:\/\/www.inteliee.com.mx\/fabricacion_de_cocinas\/ciudad_de_mexico\/wp-json\/wp\/v2\/media?parent=14869"}],"curies":[{"name":"wp","href":"https:\/\/api.w.org\/{rel}","templated":true}]}}